r of 84 and 266.
14
What is the highest common factor of 3 and 11?
1
Calculate the highest common divisor of 5205 and 15.
15
What is the greatest common divisor of 744 and 16?
8
Calculate the highest common factor of 9 and 7.
1
What is the highest common divisor of 49 and 56?
7
What is the greatest common factor of 725 and 200?
25
What is the highest common factor of 610 and 20?
10
What is the highest common factor of 465 and 105?
15
Calculate the highest common factor of 3425 and 1233.
137
What is the highest common divisor of 1668 and 12?
12
What is the highest common divisor of 429 and 176?
11
What is the greatest common factor of 1040 and 65?
65
What is the greatest common factor of 570 and 5510?
190
Calculate the greatest common factor of 13 and 91.
13
Calculate the greatest common divisor of 232 and 26332.
116
What is the highest common divisor of 100 and 60?
20
Calculate the greatest common factor of 28341 and 201.
201
What is the greatest common divisor of 22 and 110?
22
Calculate the greatest common divisor of 12 and 308.
4
Calculate the highest common divisor of 3003 and 21.
21
What is the greatest common factor of 130 and 494?
26
Calculate the highest common divisor of 3588 and 8.
4
Calculate the highest common factor of 2353 and 905.
181
Calculate the greatest common factor of 1037 and 34.
17
What is the highest common factor of 2499 and 34?
17
Calculate the highest common divisor of 221 and 247.
13
Calculate the highest common factor of 873 and 776.
97
Calculate the greatest common divisor of 18 and 1098.
18
Calculate the greatest common divisor of 561 and 1156.
17
What is the greatest common divisor of 616 and 5896?
88
What is the greatest common divisor of 3732 and 24?
12
Calculate the highest common factor of 272 and 16.
16
Calculate the greatest common divisor of 9 and 1797.
3
Calculate the greatest common factor of 2136 and 48.
24
What is the highest common divisor of 13 and 4849?
13
Calculate the greatest common divisor of 28552 and 129.
43
What is the greatest common divisor of 93 and 5952?
93
Calculate the highest common divisor of 115 and 46.
23
Calculate the greatest common divisor of 45 and 52.
1
What is the highest common factor of 10 and 285?
5
What is the highest common factor of 99 and 55?
11
What is the highest common divisor of 71 and 2840?
71
What is the greatest common divisor of 18 and 2682?
18
Calculate the highest common factor of 88 and 16.
8
What is the greatest common factor of 78 and 78?
78
What is the greatest common divisor of 5751 and 162?
81
Calculate the highest common divisor of 54 and 126.
18
Calculate the highest common factor of 24325 and 175.
175
What is the greatest common factor of 7 and 1043?
7
Calculate the greatest common divisor of 629 and 17.
17
What is the highest common factor of 1054 and 34?
34
Calculate the greatest common factor of 4728 and 24.
24
What is the highest common divisor of 190 and 210?
10
Calculate the highest common divisor of 225 and 10.
5
Calculate the highest common divisor of 30 and 585.
15
Calculate the highest common factor of 3406 and 26.
26
Calculate the greatest common factor of 33 and 176.
11
What is the greatest common divisor of 4 and 74?
2
Calculate the greatest common divisor of 1952 and 64.
32
What is the highest common factor of 5173 and 7?
7
Calculate the highest common factor of 345 and 1875.
15
Calculate the highest common factor of 39 and 611.
13
What is the highest common factor of 83881 and 161?
161
Calculate the highest common divisor of 13203 and 405.
81
Calculate the greatest common factor of 21 and 3423.
21
Calculate the highest common divisor of 24 and 2094.
6
What is the highest common factor of 12 and 108?
12
What is the greatest common divisor of 1593 and 27?
27
What is the highest common factor of 52 and 2236?
52
Calculate the greatest common divisor of 336 and 3.
3
Calculate the highest common divisor of 4150 and 2.
2
What is the highest common divisor of 69 and 1909?
23
Calculate the greatest common divisor of 96 and 276.
12
Calculate the greatest common divisor of 30 and 135.
15
Calculate the highest common factor of 504 and 24.
24
Calculate the highest common divisor of 18 and 423.
9
Calculate the highest common divisor of 858 and 156.
78
What is the highest common factor of 160 and 4880?
80
Calculate the highest common divisor of 90 and 3015.
45
Calculate the greatest common factor of 255 and 17.
17
What is the greatest common factor of 13777 and 69?
23
What is the highest common factor of 7055 and 340?
85
Calculate the highest common divisor of 40 and 32.
8
Calculate the highest common factor of 10 and 615.
5
Calculate the highest common factor of 903 and 3010.
301
Calculate the highest common divisor of 73 and 657.
73
What is the greatest common factor of 26253 and 9?
9
What is the highest common factor of 408 and 680?
136
Calculate the highest common factor of 86 and 5031.
43
Calculate the highest common factor of 969 and 228.
57
Calculate the highest common divisor of 630 and 1505.
35
Calculate the highest common factor of 7 and 973.
7
What is the greatest common factor of 6806 and 82?
82
What is the highest common divisor of 499 and 1?
1
Calculate the highest common factor of 782 and 46.
46
Calculate the highest common divisor of 8 and 56.
8
What is the highest common factor of 99 and 2484?
9
What is the highest common factor of 16 and 272?
16
Calculate the highest common divisor of 42 and 66.
6
What is the greatest common factor of 3634 and 46?
46
What is the greatest common divisor of 34 and 5593?
17
What is the highest common divisor of 25 and 3925?
25
What is the greatest common divisor of 1599 and 338?
13
Calculate the highest common factor of 1793 and 11.
11
Calculate the highest common divisor of 13 and 26.
13
What is the highest common divisor of 2740 and 20?
20
What is the highest common divisor of 296 and 672?
8
Calculate the highest common divisor of 128 and 1280.
128
Calculate the greatest common factor of 551 and 29.
29
Calculate the highest common divisor of 2996 and 14.
14
Calculate the greatest common divisor of 286 and 1352.
26
Calculate the greatest common divisor of 46 and 161.
23
Calculate the highest common factor of 185 and 333.
37
What is the greatest common divisor of 50 and 2740?
10
Calculate the highest common factor of 30 and 430.
10
What is the highest common divisor of 87 and 261?
87
Calculate the greatest common divisor of 12 and 12.
12
What is the highest common divisor of 1064 and 7?
7
What is the greatest common factor of 7480 and 136?
136
What is the greatest common factor of 11 and 44?
11
What is the greatest common divisor of 174 and 58?
58
Calculate the highest common divisor of 35 and 119.
7
What is the greatest common divisor of 504 and 308?
28
What is the greatest common divisor of 1841 and 28?
7
What is the highest common divisor of 5 and 1685?
5
Calculate the greatest common factor of 10 and 575.
5
What is the greatest common factor of 275 and 11?
11
Calculate the highest common divisor of 94 and 5734.
94
What is the highest common factor of 58079 and 7?
7
Calculate the greatest common factor of 1444 and 12.
4
What is the highest common divisor of 82422 and 342?
342
Calculate the greatest common factor of 35 and 1246.
7
Calculate the greatest common divisor of 8 and 2056.
8
What is the greatest common divisor of 9 and 4782?
3
Calculate the highest common factor of 5912 and 2.
2
Calculate the highest common factor of 9 and 3681.
9
Calculate the greatest common divisor of 665 and 14.
7
What is the greatest common factor of 1232 and 8?
8
What is the greatest common factor of 663 and 459?
51
What is the greatest common divisor of 3135 and 285?
285
What is the highest common factor of 1340 and 20?
20
What is the highest common factor of 192 and 112?
16
Calculate the highest common factor of 60 and 3.
3
What is the greatest common factor of 603 and 324?
9
What is the greatest common divisor of 989 and 115?
23
Calculate the highest common factor of 1118 and 13.
13
Calculate the highest common factor of 30 and 135.
15
What is the greatest common divisor of 29 and 73109?
29
What is the greatest common factor of 148 and 1850?
74
Calculate the greatest common factor of 303 and 8.
1
What is the g